t common factor of j and 15?
15
Suppose -r - 2*c - 247 + 2652 = 0, 5*r + 2*c = 11993. Calculate the highest common factor of 47 and r.
47
Let w be (0 - 1)*2*(-651)/14. Suppose 2*f - w = -5*c, -2*f + 5*c = -55 - 88. What is the greatest common factor of f and 118?
59
Let o be (-3*(-1)/5)/(54/4590). Calculate the highest common factor of o and 3.
3
Let b(x) be the first derivative of x**3/3 + 3*x**2 - 5*x - 10. Let s be b(3). What is the greatest common divisor of s and 2?
2
Let f = 1032 + -1027. What is the highest common divisor of f and 295?
5
Suppose -138 = -3*d - 6. Let s = 50 - d. Calculate the greatest common factor of 12 and s.
6
Let y = -33 - -38. Suppose -5*m + 10 = -5*r, 0*r = 3*r - y*m + 16. Suppose -j = -2*j + 3. Calculate the greatest common factor of r and j.
3
Suppose -86*j + 1044 = -3170. What is the highest common factor of j and 1?
1
Suppose 5*z - 10*z + 550 = 0. What is the highest common factor of z and 44?
22
Let o = 239 + -207. Calculate the greatest common divisor of 992 and o.
32
Suppose 0 = 92*q - 97*q + 515. Calculate the greatest common divisor of q and 103.
103
Suppose -3*j - 2*j - 745 = 0. Let k = j + 237. Let o(p) = 2*p - 5. Let w be o(8). What is the greatest common divisor of k and w?
11
Let o be 5 - (4 + (-3 - 3)). Suppose -9 = -5*y + 16. Suppose y*j = 40 + 30. Calculate the greatest common divisor of o and j.
7
Let b = -558 + 618. Calculate the greatest common factor of b and 1140.
60
Let a(i) = 4*i**2 - i. Let t be a(-1). Suppose 5*m - 62 = 13. Calculate the greatest common divisor of t and m.
5
Let o(u) be the third derivative of -u**4/24 + u**3 - 5*u**2. Let j be o(6). Suppose j = -4*d + 7 + 29. What is the greatest common divisor of d and 63?
9
Suppose 0 = k - 4 + 2. Suppose y + f = 24, -f - 23 = -k*y + 31. Suppose 0 = 11*l + 222 - 1366. What is the highest common factor of l and y?
26
Let v(i) be the third derivative of -1/3*i**3 + 0*i + 0 - 7/12*i**4 + i**2. Let c be v(-1). What is the greatest common divisor of 108 and c?
12
Suppose 0 = -4*o + 6*o + 4*v - 40, 3*o - 4*v = 80. Let d(s) = 14*s + 2. Let z be d(1). What is the greatest common divisor of o and z?
8
Suppose 2*u - 525 = 421. Calculate the highest common factor of 43 and u.
43
Let g be ((-36)/(-21))/(12/56). What is the highest common factor of g and 28?
4
Suppose 5*r + 28 - 148 = 0. Let a = r - 14. What is the greatest common divisor of 5 and a?
5
Suppose 0 = 4*g - 3*x - 39, 0 = g + x - 6 - 2. Suppose -w + 2*p + 119 = 2, 468 = 4*w + 3*p. Calculate the highest common divisor of w and g.
9
Let d = -11 + 4. Let u(m) = -52*m - 36. Let i be u(d). What is the highest common divisor of 41 and i?
41
Let h(q) = -q**3 + 10*q**2 + 27*q - 13. Let k = -64 - -76. Let s be h(k). Calculate the highest common divisor of s and 115.
23
Suppose 2*z + 2*d + 281 = 807, -3*z - 5*d + 795 = 0. Let y(j) = -4*j - 2. Let s be y(-7). Calculate the greatest common factor of s and z.
26
Suppose 5*m + 3 - 53 = 0. Let p(u) = -2*u**2 - 97*u + 527. Let z be p(-53). What is the highest common factor of m and z?
10
Let a(i) = i**3 - 8*i**2 + 5*i - 8. Suppose -5*k + 10*k = -20. Let r be 8/k - 36/(-3). Let f be a(r). Calculate the greatest common factor of f and 22.
22
Let k be (44/5)/((-1338)/150 - -9). Let z be 6/(-4 - k/(-25)). Calculate the highest common divisor of z and 15.
15
Let h(d) = d**3 - 4*d**2 - 8*d - 5. Let t be h(6). Let r(z) = -153*z + 4. Let u be r(-2). Let n = -139 + u. Calculate the highest common factor of t and n.
19
Suppose 3*o - 615 = -0*g - g, -4*o = -3*g - 820. What is the highest common factor of o and 82?
41
Let w = 61 - 21. Let z(h) = 158*h**2 + 632*h + 4. Let t be z(-4). What is the highest common factor of w and t?
4
Let z = -158 - -189. What is the greatest common factor of 93 and z?
31
Let o be -3 + 4/(16/116). Suppose 24 = 2*n - o. Calculate the greatest common divisor of n and 175.
25
Suppose 2*i + 34*x - 1116 = 29*x, -3*x - 12 = 0. What is the highest common divisor of 355 and i?
71
Suppose -a - 4*h = 0, 5*a + 3*h = 8*h. Suppose a = j + 2*j - 231. What is the highest common divisor of j and 11?
11
Suppose 7*m - 5*m = -186. Let r = m - -100. Calculate the highest common divisor of 49 and r.
7
Suppose 3*n = 4*o + 181, -4*n - 3*o = n - 321. Let w = 9 + -7. Suppose w*y - 80 = 4. Calculate the highest common factor of n and y.
21
Suppose 0 = -d + 5*d - 260. Suppose 3*z - d = -z + 3*c, -26 = -z + 4*c. What is the highest common factor of z and 56?
14
Let z(s) = s**2 - s - 6. Let h be z(4). Let y(p) = p**2 - 7*p + 5. Let c be y(9). Let j = c + -14. Calculate the greatest common factor of h and j.
3
Let j = 2 - 0. Let q(b) = -8*b + 38*b - 4 + 43*b + 40*b - 12*b. Let p be q(j). What is the greatest common divisor of p and 22?
22
Let p(l) = 7*l**2 + 16*l - 15. Let q be p(8). Calculate the highest common factor of 51 and q.
51
Let r(i) = -i + 7. Let t be (-4)/(-3)*3*(-5)/(-4). Let m be r(t). Let d = 10 - 6. Calculate the greatest common factor of d and m.
2
Let w be 36/(-12)*(0 - 105/9). What is the greatest common factor of w and 14?
7
Let l(n) = 3*n**2 - 18*n - 12. Suppose -10 = -3*x + 3*b + 17, 4*b - 20 = -3*x. Let y be l(x). What is the highest common factor of 8 and y?
4
Let f be 1/((3/26)/3). Let g = -728 - -754. Calculate the highest common factor of f and g.
26
Suppose -g = 5*v - 439, -5*v - 7*g + 9*g + 442 = 0. What is the highest common factor of 814 and v?
22
Let i(c) = 49*c - 99. Let l be i(22). Calculate the greatest common divisor of l and 89.
89
Let f be (2 - (-1)/(-1))*2. Let s be f/(-24)*-2 + (-2494)/(-12). What is the highest common factor of 52 and s?
52
Suppose -3*r = 2*u - 123, -2*u + 7*u = 5*r + 295. What is the highest common divisor of u and 90?
30
Let z = 780 + -728. What is the highest common factor of 13 and z?
13
Suppose -4*z - 620 = -4*n - 2*z, z = 4. Let i = -91 + n. Let k(p) = 3*p**2 - 2*p - 2. Let c be k(2). Calculate the highest common factor of c and i.
6
Let z be 14/4 + (-6)/4. Suppose 3*k + 2*n = z, 3*n - 2 = k + 5*n. Calculate the highest common divisor of 1 and k.
1
Suppose 12 = -4*n - 0. Let i be 2 - (3 + n/1). Let y = -84 - -106. What is the greatest common factor of y and i?
2
Let c = 14717 - 14715. Let l be 3*1*(-8)/(-6). Calculate the highest common factor of c and l.
2
Let x be ((-3978)/65)/(-6 - 174/(-30)). Calculate the highest common factor of 99 and x.
9
Let b be ((-24)/(-30))/((-2)/(-15)) + 149. What is the greatest common divisor of b and 20?
5
Let k be 1*(-3 - -2) + 13. Let o = 15962 - 15947. What is the highest common factor of o and k?
3
Let x(i) = 3*i**2 - 3*i - 20. Let l be x(-4). What is the greatest common factor of 100 and l?
20
Let f(v) = -3*v - 11. Let c be f(-12). Suppose 4*t = r + 8*t - c, 4*r + 5*t - 89 = 0. What is the greatest common factor of r and 14?
7
Let q be (-375)/2*140/(-175). What is the highest common factor of q and 210?
30
Let w = 9 - 5. Let d = 28 - 20. Let m be 8 + w/(d/2). What is the greatest common factor of 18 and m?
9
Suppose -8*l + 32 = -24. Calculate the greatest common divisor of 14 and l.
7
Let o(j) be the third derivative of j**5/30 + 5*j**4/24 - j**3/2 - 10*j**2. Let s be o(-5). What is the highest common factor of 44 and s?
22
Let s be (-156*2)/(-8) - -7. What is the highest common factor of s and 6?
2
Suppose -21 = -3*o + 3*a, 5*o - 121 = -3*a - 46. Calculate the greatest common divisor of 30 and o.
6
Suppose -13*o = -o - 48. Calculate the greatest common divisor of o and 34.
2
Suppose 53*x - 253 = 42*x. Calculate the highest common divisor of x and 46.
23
Let y be 165 - ((3 - 0) + -7). Calculate the greatest common factor of y and 52.
13
Suppose -3*v = -j - 1256, 0 = -2*v - 9*j + 12*j + 842. What is the highest common factor of 38 and v?
38
Let v(s) = s**2 - 14*s - 3. Let c be v(15). Let k = 0 - -2. Suppose k*l - 4 = -q, 7*l - 13 = -4*q + 2*l. Calculate the greatest common factor of q and c.
2
Suppose 3*m + 4*n = 3 + 7, 0 = -3*m + 4*n + 26. Suppose 0*q = q - 6. Calculate the greatest common factor of q and m.
6
Let v be (9 - 10)/4 - 138/(-8). What is the highest common divisor of v and 68?
17
Let v = 35 + -5. Suppose 3*a + r = -2*a + 3, -4*r + 12 = 4*a. Suppose -2*f + a*f + 20 = 0. Calculate the greatest common factor of v and f.
10
Let t = 35 + -32. Suppose 4*n 